ive s(d).
5
Let f(l) = -7*l - 7. Let u(a) = -15*a - 15. Let v(h) = 13*f(h) - 6*u(h). Determine v(4).
-5
Let v(t) = 4*t + 5. Let b(x) = 11*x + 14. Let l(d) = -3*b(d) + 8*v(d). What is l(-8)?
6
Let q = 30 - 23. Let r(k) = -k**3 + 8*k**2 - 9*k - 3. Calculate r(q).
-17
Let w(m) be the third derivative of -m**8/20160 - m**7/1008 + m**6/720 - m**5/30 + 2*m**2. Let l(b) be the third derivative of w(b). Calculate l(-5).
1
Let o(d) be the first derivative of -d**4/4 - 4*d**3/3 - d**2 + 46. Let k be 1 - (1 - 6)/(-1). Give o(k).
8
Let c(s) be the second derivative of -s**5/20 + s**4/12 + s**3/2 - 3*s**2/2 - 3*s. What is c(2)?
-1
Let g = 11 - 5. Let k(r) = r - 8. Calculate k(g).
-2
Let u(k) = k**3 - 3*k**2 - 4*k + 6. Let j = -12 - -16. Calculate u(j).
6
Let j be (2/(-5))/((-1)/10). Suppose n - j*z - 10 = 0, z = 4*n - 3*z - 16. Let u(g) = 0*g**2 + 0*g + 8 + g**n + g**3 - g. Calculate u(0).
8
Let h(q) = -21*q + 3. Let y(k) = 1 + 39*k - 6 - 7*k. Let l(i) = -8*h(i) - 5*y(i). What is l(-1)?
-7
Suppose -4*q + 15 = -q, -19 = 4*m - 3*q. Let k be -4*m*(-6)/(-4). Let y(p) = 4*p**2 + 4*p + 2*p - 6*p**2 + 6 + p**2. What is y(k)?
6
Let m be (0 - 1) + 1*5. Let s(n) = -15*n - 9. Let c be s(-1). Suppose -c*h = -m*h - 8. Let v(i) = i**3 - 2*i**2 - 6*i + 2. Determine v(h).
10
Let j(g) = g**2 - 2*g - 3. Suppose 0 = -5*q + 20, 0*r - r = -4*q + 21. Let h be (-2)/((-1)/((-8)/(-2))). Let u = h + r. Calculate j(u).
0
Let h(g) = -g. Let u(c) = 2*c**2 - c + 2. Let o(f) = -4*h(f) - u(f). Determine o(3).
-5
Let z(s) = -2*s**2 + 3*s + 4*s - s**2 + 4*s**2. Calculate z(-6).
-6
Let s(k) = -10*k**3 - 12*k**2 + 6*k + 16. Let z(b) = -3*b**3 - 4*b**2 + 2*b + 5. Let p = 6 - 11. Let q(u) = p*s(u) + 16*z(u). Determine q(2).
4
Let u(m) = m. Let l(c) = 2*c - 1. Let x(r) = 6*l(r) - 10*u(r). Let q(b) = 4*b - 3. Let h be q(2). Suppose h*n - 20 = n. Calculate x(n).
4
Let m(x) be the first derivative of -3*x**2/2 + x - 1. Suppose 6*q + 2*v = 3*q + 1, 2*v = -5*q + 3. Calculate m(q).
-2
Let x(y) be the first derivative of -y**3/3 + y**2/2 + 4*y - 1. Let j be x(0). Let g be 3/((-1)/(j/3)). Let m(b) = b**3 + 3*b**2 - 4*b. Determine m(g).
0
Let w(u) be the first derivative of -u**2 + 1. Let m(d) = d - 9. Let z(p) = 8*p**3 - 2*p + 1. Let a be z(1). Let c be m(a). Give w(c).
4
Let r(h) = -2*h - 5 + h + 2*h. Suppose -6*x + 16 = -2*x, v - 5*x + 14 = 0. Let n = v - 3. What is r(n)?
-2
Let l(r) = 0*r**3 + 7*r**2 - 7*r**2 - 5*r**3. Suppose -2*b - 2 + 0 = 0. Let i be b/(2*1/2). Give l(i).
5
Let i(g) = -g - 5*g**2 - g - 3*g**3 - 4 + 2*g**3. Let c(b) = 2*b**2 - 3*b - 6. Let h be c(-4). Suppose 4*n + 20 = 5*a, a = -5*n - h + 13. What is i(n)?
6
Let s(g) = 10*g + 1. Let w(i) = 8*i + 9. Let o be w(-1). What is s(o)?
11
Let g(w) = -3*w - 5*w + 7*w + 2. Suppose -z + 0 + 2 = 0. What is g(z)?
0
Let m(x) = -8*x**2 - x + 1. Let i(v) = -v**2 + v. Let u(d) = 3*i(d) + m(d). Give u(-1).
-12
Suppose -3*k = -7*k. Let f be 6/(-33) + 24/11. Let s = k - f. Let x(p) = -p**3 - 3*p**2 - 2*p. Determine x(s).
0
Let n(j) = -3*j - 14. Let a(v) = 2*v + 13. Let h(o) = -5*a(o) - 4*n(o). Give h(6).
3
Let u be (120/16 - 8) + (-7)/2. Let b(r) = -3*r**2 + 4*r**3 - 4 + r**3 - 6*r**3 + 2*r. Determine b(u).
4
Let q(t) = -t + 3. Suppose l = 0, 0 = -3*x + x - 4*l - 6. Give q(x).
6
Let c(o) = o. Let a(b) = 9*b - 1. Let l(k) = -a(k) - 2*c(k). Suppose 1 = -4*f + 5. Calculate l(f).
-10
Let u(t) be the second derivative of 1/12*t**4 + 0 - t**2 - 3*t + 0*t**3. Determine u(0).
-2
Let d(m) be the second derivative of m**4/12 + 7*m**3/6 + 5*m**2/2 + 49*m. Let g be 4/(-14) - 26/7. Give d(g).
-7
Let a be (4/(-1))/((-1)/(-1)). Let l(s) = -4*s - 6. Let p(j) = -2*j - 1. Let f(c) = -l(c) + p(c). Calculate f(a).
-3
Let a(s) be the second derivative of -s**4/12 - s**3 + s**2/2 - 19*s + 2. Give a(-5).
6
Let b = 7 - 4. Let h be 2/(b/(-6) - -1). Suppose -5*r = 3*v - 2*v + 17, -3*v + 25 = -h*r. Let c(n) = -n**3 - 5*n**2 - 4*n - 1. Give c(r).
-1
Let a(h) be the second derivative of -h**5/20 - h**4/3 + h**3 + 7*h**2/2 + 4*h. Suppose 3*p + 6 = -9. Give a(p).
2
Suppose 6*s + 40 = 10. Let w(u) = 2*u + 5. What is w(s)?
-5
Let k(b) = -2*b**2 + 7*b - 6. Let x be k(4). Let l be 5*(0 - 6/x). Let c(f) = l + f**3 + 1 + 3*f**2 - 5 - 3*f. Give c(-4).
-5
Let p(z) be the first derivative of -z**3 - 3*z**2/2 + 4*z - 9. Suppose -12 = 2*q + 2*q. Calculate p(q).
-14
Let y = -5 - -5. Let c(a) = -2*a**2 + 5*a - 8. Let g(n) = -3*n**2 + 7*n - 12. Let x(p) = 7*c(p) - 5*g(p). Determine x(y).
4
Let q(b) = 6*b**2 - 3*b - 2 + 6 + 9*b**3 - 10*b**3. Determine q(5).
14
Suppose -6*m + 60 = -m. Suppose 0*l + m = 5*l - 2*b, 0 = -2*l - 2*b + 2. Let g(u) = -2 - 2*u + l - 3. Calculate g(-3).
3
Let j = -12 + -4. Let h = -15 - j. Let s(f) = 6*f - 1. What is s(h)?
5
Suppose -20 = 2*y - 6*y. Let z be (-2)/(2 + 0)*y. Let n(u) be the second derivative of -u**4/12 - u**3 - 3*u**2 + 2*u. What is n(z)?
-1
Let x(q) = q**2 + q + 1. Let w(z) = 5*z**2 - 3*z + 9. Let v(y) = w(y) - 4*x(y). Let d = -8 - -13. Calculate v(d).
-5
Let v(o) = 13*o**3 - 8*o**3 - 7*o - 6 + 2*o**2 - 4*o**3 + 2*o**2. Let w be (-9)/2 + (-3)/6. Calculate v(w).
4
Suppose -h = x + 2, 4*x - 2*x = -h - 2. Let p(d) = -3*d**2 - 2*d + 2. Let l(y) = 10*y**2 + 7*y - 6. Let f(w) = 2*l(w) + 7*p(w). Calculate f(h).
-2
Let x(q) = -q**2 + 3*q + 3. Suppose a = 5*i - 3*a + 60, 4*a - 36 = 2*i. Let g = -4 - i. Give x(g).
-1
Let y(g) = -3*g - 2. Let u(b) = 2*b + 3. Let a be -1 - (-1 + -2 + -2). Let l(h) = a*u(h) + 3*y(h). Calculate l(6).
0
Let v be (-1)/(2 + 10/(-4)). Let j(y) = -4*y + 2 + 1 - 5 - 6*y**v + 0*y**3 - y**3. Let n = -6 - -1. What is j(n)?
-7
Let n = -7 - -8. Let u(o) = 0*o + 0*o - n - 4*o + 5*o. What is u(5)?
4
Let t = -4 + 4. Suppose -5*q + 13 = -2*v, t*v + 5*v = 4*q - 24. Let b(a) be the third derivative of -7*a**6/120 + a**4/12 - a**3/6 + a**2. Calculate b(q).
-6
Let a = 27 - 34. Let d(z) = z + 2. Determine d(a).
-5
Suppose -6*m + 2*m + 5*b + 15 = 0, -3*b - 12 = -3*m. Let l(q) be the first derivative of -1/2*q**2 + 4*q - 2. Determine l(m).
-1
Let h(q) = q**3 - 2*q**2 + 3*q - 3. Suppose -3*o + 2*p = o + 8, -5*o = p - 4. Suppose -2*v + 8 + 0 = o. Let d = v + -2. Give h(d).
3
Suppose 2*w - 4 = 2. Let r(h) = 0*h - 3*h**2 + h**3 + 1 + 5*h**2 + w*h - h. Give r(-2).
-3
Let o = -14 - -21. Let s be 1*5 - 21/o. Let z(f) = -s*f - 8*f + 8*f + 1. Give z(2).
-3
Let n(i) be the second derivative of 0 - i - 1/2*i**2 + i**3 - 1/12*i**4. Let j(g) = -g**3 - g**2 - g - 1. Let u be j(-2). Calculate n(u).
4
Let c(f) be the third derivative of -f**4/24 + f**3/3 - 9*f**2. Calculate c(8).
-6
Let i = 54 - 107/2. Let u(c) be the second derivative of 1/6*c**4 - i*c**2 - 2*c - 1/3*c**3 + 0. Give u(2).
3
Let z(r) = -10*r - 10. Let t be z(-4). Suppose -7*d - t = -2*d. Let x(g) = g**2 + 8*g - 5. Calculate x(d).
-17
Let b(n) = 4*n**3 - 3*n**3 - 2*n**3 - n - 4*n**2 + 5. Suppose 3*f = -2*f - 2*m - 28, 0 = -4*f + 4*m. Calculate b(f).
9
Suppose -20 = 2*y - 5*y - 4*s, -3*y - 10 = -2*s. Let c(k) be the first derivative of -4*k + 2 + y*k**2 + 1/4*k**4 - 5/3*k**3. Calculate c(5).
-4
Suppose 0 = u - 5, 2*u + u = 5*b + 30. Let i(f) = -f. Calculate i(b).
3
Let x(q) be the third derivative of -q**4/24 + 4*q**3/3 + 6*q**2. Suppose -2*i = -i - 4. Determine x(i).
4
Let l be (9 + 0 - 2) + 2. Let d = l - 9. Let u(g) = g**2 - g - 7. Give u(d).
-7
Let f(g) = -g. Let d(c) = -1. Let a(l) = -d(l) - 5*f(l). Let o = 2 - 0. Suppose -4*r = -o + 6. What is a(r)?
-4
Let g(d) = d + 3. Let m be g(0). Suppose -2*u - m*u = 10. Let n(p) be the third derivative of p**4/24 + p**2. Determine n(u).
-2
Suppose 0 = -a - 5*h - 13, 2*h + 3*h + 48 = 4*a. Let b = -4 + a. Let u(x) = 2 + 0*x - 3 - b*x - x**2 + 4*x + 10*x**3. Calculate u(1).
9
Let t(y) = 3*y. Suppose 0 = -2*x - x - 3. Calculate t(x).
-3
Let z(t) = 6*t**2 + t - t - 7*t**2. Let d be (-2)/(-6) - (-19)/(-3). Let b = 4 + d. Calculate z(b).
-4
Suppose 4*j + 4 = -12. Let m(f) = -f**3 - 5*f**2 - 4*f - 6. Calculate m(j).
-6
Let s(o) be the second derivative of o**5/20 + 5*o**4/12 + 3*o**2 + 2*o. Let t(x) be the first derivative of x**2 + 7*x - 1. Let f be t(-6). Calculate s(f).
6
Let p(v) be the first derivative of -v**2/2 - 4*v + 1. Suppose 2*i + 6 = -2. Determine p(i).
0
Let s = 3 + -3. Suppose s = c - 2 - 0. Let b(f) = 0 - c - f + 7. Determine b(4).
1
Let l(k) be the